- 2*x**2 + x - 1. Let i be p(-3). Suppose u = -5*b + 18, 0 = 2*u - 4*u + i*b - 9. What are the prime factors of u?
3
What are the prime factors of (-66788)/(-295) - (-1 + 14/10)?
2, 113
List the prime factors of ((-99)/(-12))/(-11)*4*-47.
3, 47
What are the prime factors of (-7)/(2*4/(-56))?
7
Let i(q) = -q**3 + 9*q**2 + 2*q - 8. Let p(d) be the first derivative of 8*d**3/3 + d**2 - d + 2. Let l be p(1). What are the prime factors of i(l)?
2, 5
Suppose -2*t - 4*l = 12, -26 = -t - 4*t + 4*l. Suppose -t = 2*f, x - f = 3*f - 4. Let k = 12 + x. List the prime factors of k.
2
Let f(o) = o + 22. Let g be f(0). Suppose 4*c - 6 - g = 0. Let h(n) = n - 5. What are the prime factors of h(c)?
2
Let t = 203 + -53. Suppose 3*m - 110 - 10 = -3*b, 4*m + 2*b = t. List the prime factors of m.
5, 7
Suppose -y = -0*y - 64. Suppose 0 = 3*d - 7*d + y. List the prime factors of d.
2
Suppose 148 = 5*g + 13. List the prime factors of g.
3
Let f = 412 - 261. What are the prime factors of f?
151
Let k = -536 - -795. Suppose 0 = 2*n - 4*i - 88, 2*n + 3*n + 3*i = k. What are the prime factors of n?
2, 5
Suppose -6*j + 46 = -128. What are the prime factors of j?
29
Let z(f) = 5*f**2 - 4*f - 3. Let k(g) = -14*g**2 + 11*g + 9. Let o(w) = -4*k(w) - 11*z(w). What are the prime factors of o(-4)?
13
Let k(v) = v + 5. Let s be k(-5). Let b(g) = 3*g - 2 + 2 - 2*g + 5. What are the prime factors of b(s)?
5
Let p = 3 + 0. Suppose s + 4*a = -19, -3*s + p*a - a = -13. Let n(q) = 7*q. List the prime factors of n(s).
7
Suppose -5*z - 40 = -5*j - 0*j, 3*z + 27 = 4*j. Suppose j*i - b + 36 = 2, 4*i - 3*b + 52 = 0. Let h = -6 - i. What are the prime factors of h?
2
Suppose -2*h = -53 - 183. What are the prime factors of h?
2, 59
Suppose -2*l + 20 = 5*a, 4*l - 6*a + 4*a = -8. Suppose -4*o + 9*o - 63 = q, l = -q + 2. What are the prime factors of o?
13
Let s = -110 + 183. Let f = -38 + s. List the prime factors of f.
5, 7
What are the prime factors of (-2)/3*(4557/7)/(-7)?
2, 31
Let d = 31 - 48. Let i(x) = 3*x**3 + 2*x**2 - x - 2. Let j be i(2). Let r = j + d. What are the prime factors of r?
11
Suppose m + 2*u = 8, 2*u - 7 = -2*m + 5. Suppose 56 + 152 = m*v. Let z = v + -37. List the prime factors of z.
3, 5
Let p = -23 - -53. Suppose -c = j - p, c + 20 = 4*j + 50. Let w = c + -18. List the prime factors of w.
2, 3
Let l = -57 - -121. List the prime factors of l.
2
Suppose -3*d + 5*j = 21, -8*j - 27 = d - 3*j. What are the prime factors of (31 - 1)*d/(-15)?
2, 3
Suppose 3*f = 3*d - 4*d + 55, 4*f = -5*d + 66. What are the prime factors of f?
19
Suppose 2*n - 129 = -7. List the prime factors of n.
61
Let i be 3/3 - 0 - -4. Suppose 43 = -3*y + h - 2*h, -i*y + 2*h = 79. Let r = y + 22. List the prime factors of r.
7
Let l = 5 - 1. Suppose l*i - 10 - 10 = 0. List the prime factors of i.
5
Let h(i) = 4*i + 108. List the prime factors of h(0).
2, 3
Let s(m) = m**2 - 4*m - 5. Let d be s(7). Suppose 0*z - 5 = 5*b + 3*z, d = 3*b - 2*z. List the prime factors of b.
2
Suppose 4*s + 0*s + 2*o - 8 = 0, 3*s = -3*o + 9. Suppose -15 = -5*b - 3*t, t = -b + s + 2. List the prime factors of b.
3
Let s be (-13)/(-3) - (-10)/15. What are the prime factors of s + (-1 - -2) - -2?
2
Let p(a) = -a**3 + 11*a**2 - a - 17. List the prime factors of p(-5).
2, 97
Suppose 4*i + k = 25, 0*k + 5*k - 25 = 0. Suppose 0 = 5*t - 5, i*o = -2*t + 117. What are the prime factors of o?
23
Suppose -3*g + 4*k = 3*k - 4, 2*g + 3*k - 10 = 0. Suppose y = 7 + g. What are the prime factors of -1 + 4/(12/y)?
2
Let o = -6 - -12. Suppose 0 = -6*u + 3*u + o. List the prime factors of u.
2
Let n(g) = 2*g - 18. Let x be n(10). Suppose -2*k + 106 = 5*c, -4*c = x*k - 5*k - 94. What are the prime factors of c?
2, 11
Let l be ((-114)/(-9))/(4/6). Suppose 2*z + 5 = -l. What are the prime factors of (12/1)/((-18)/z)?
2
Suppose 0 = -0*k - 3*k + 9. Let b be (k/2 + -2)*0. Suppose 8*x - 3*x - 10 = b. What are the prime factors of x?
2
Suppose -2*r = -r. Suppose 0*l - 3*l + 129 = r. List the prime factors of l.
43
Suppose -98 = -a - 3*o - 0*o, -a = 4*o - 93. What are the prime factors of a?
113
Let s be (-4)/6 - 116/6. List the prime factors of (-162)/(-8) - (-5)/s.
2, 5
Suppose 7*p - 3*p = 20. Let g be 15/7 - (-25)/(-175). Suppose -v = -g*v + p. What are the prime factors of v?
5
Let a = -6 + 9. Suppose -3 = a*p - 39. What are the prime factors of p?
2, 3
Let i = -282 + 465. What are the prime factors of i?
3, 61
Let d be (2 + 0)/((-2)/95). Let i be d/(-20) - 1/(-4). What are the prime factors of (-14)/8*(-20)/i?
7
Let x = 11 - 18. What are the prime factors of 2/x - 130/(-14)?
3
Let n(v) = 4 + 0*v - 3 + v. What are the prime factors of n(9)?
2, 5
Let t be 0/((-2 + 1)*2). Suppose -5*k - 4*a + 17 = t, 0*k - 5*a = -4*k + 30. Suppose -k*i = -5, -s - 3*i + 14 - 4 = 0. List the prime factors of s.
7
Suppose 2*c - 27 = 23. List the prime factors of c.
5
Suppose -3*u - 22 = -14*u. What are the prime factors of u?
2
Let m = -15 + 10. List the prime factors of 2/m + (-1456)/(-40).
2, 3
Let m(x) = -6*x**3 + x**2 + 2*x - 1. Let s(u) = -11*u**3 + u**2 + 4*u - 1. Let l(n) = -5*m(n) + 3*s(n). List the prime factors of l(-2).
2, 7
Suppose 4*q = -2*z + 8, -z + 3*q = 2*z - 3. Suppose -18 - 17 = -b + z*u, 3*b = u + 120. Suppose -b = -4*x + 7. List the prime factors of x.
2, 3
Suppose a - 19 = -4*o, 2*o = a - 5*a + 104. What are the prime factors of a?
3
Let l(f) = f**3 - f**2 - 4*f + 1. Let n be l(4). Let r(c) = 3*c**2 + c. Let w be r(-1). Suppose 5*i - n = w*i. List the prime factors of i.
11
Suppose 17*y + 2943 = 26*y. What are the prime factors of y?
3, 109
List the prime factors of ((-8)/(-4) + -1)*7.
7
Let x(z) = -8*z**2 + 3*z + 2. Let j(w) = 9*w**2 - 4*w - 2. Let g(n) = -6*j(n) - 7*x(n). Let u be g(-4). What are the prime factors of (-6)/3 - u/(-2)?
7
Suppose 37 - 142 = -3*d. What are the prime factors of d?
5, 7
Let o(w) = -w + 10. Let r be o(10). Suppose a + 5 - 15 = r. What are the prime factors of a?
2, 5
Let a(j) = j**2 + 2*j - 1. Let c(n) be the second derivative of n**4/12 - 3*n**3/2 + 5*n**2 + n. Let h be c(7). What are the prime factors of a(h)?
7
List the prime factors of 1*(-3 + 1) + 3*29.
5, 17
Let n be (-2)/(-6) + (-34)/(-6). Let v(y) = -3*y + 43. Let b be v(13). Suppose -b = -z + n. List the prime factors of z.
2, 5
Suppose 10*r = 5*r - 4*g - 26, 0 = 2*r + 3*g + 9. Let h = -12 + 30. Let u = r + h. List the prime factors of u.
2, 3
Suppose 0 = -2*c + 3*x - 4, 0*x = -4*x + 16. Suppose -3*w - 12 = w, -h + c*w = -16. List the prime factors of h.
2
Suppose -2 = 3*d - 4*w, -2 = 2*d - 2*w - 4. Let y be 16/(-6)*(-9)/d. What are the prime factors of -5 + y + 7 + 1?
7
Let w be 5 + -4 + (4 - 2). Suppose -w*o = -0 + 12. Let b(j) = -2*j - 5. List the prime factors of b(o).
3
Let a(t) be the first derivative of -6*t**2 - 5*t - 3. List the prime factors of a(-3).
31
Let u = -135 - -343. List the prime factors of u.
2, 13
Suppose -b - 5*d - 58 = 0, 0*b + 2*d - 317 = 5*b. List the prime factors of (b/28)/(2/(-24)).
3
Let s be 2/(-1) + (1 - -4). Suppose 2*h = h + 5*p, -3*p - 12 = -s*h. What are the prime factors of h?
5
Let r(h) = h + 9. Let u be r(-4). Let y(t) = -t**3 + 6*t**2 - t - 4. Let q be y(u). Suppose f - q + 4 = 0. What are the prime factors of f?
2, 3
Let u(h) = -2*h + 1. Let z be u(-1). Let i(s) = -4*s + 1 + 0*s**2 + s**2 + s + 2*s. List the prime factors of i(z).
7
Let i(d) = -d - 2. Let s be i(-6). Let k(j) = j**3 - 3*j**2 + 3*j - 1. Let a be k(s). Let h = a - 18. What are the prime factors of h?
3
Suppose -3*b + 3*p = -4*b + 29, -4*p + 12 = 0. List the prime factors of b.
2, 5
Suppose 3 - 6 = n. Let j(w) = -w**3 - w**2 - 4*w. List the prime factors of j(n).
2, 3, 5
Suppose h - 47 = -2*d + 34, 2*d - h - 91 = 0. What are the prime factors of d?
43
Let g be ((-50)/(-4))/((-6)/12). Let s = -8 - g. What are the prime factors of s?
17
What are the prime factors of (-5 - -67) + (-1 + -2 - 0)?
59
Let c(v) = v**3 - 3*v**2 - 3*v + 4. Let y = 13 + -8. Let i be 8*(-1)/(-10)*y. What are the prime factors of c(i)?
2
Suppose 4*t + 2*m = 284, 0 = 3*t - 7*t - 3*m + 280. List the prime factors of t.
73
Let w = 53 - 14. What are the prime factors of w?
3, 13
Let k(i) = i**3 + 5*i**2 + i - 5. Suppose 0 = -0*l - 4*l - 44. Let f = l + 7. List the prime factors of k(f).
7
